6?
-1a2
3 (base 10) to base 5
3
What is -302302 (base 4) in base 12?
-1a6a
Convert 35314 (base 10) to base 13.
130c6
5982 (base 12) to base 11
75a2
Convert -326 (base 13) to base 10.
-539
Convert -452 (base 12) to base 16.
-27e
b94 (base 15) to base 9
3524
Convert 1430142 (base 5) to base 16.
755f
-100101012 (base 3) to base 9
-10335
Convert 43505 (base 6) to base 2.
1011110000001
What is -2320 (base 4) in base 16?
-b8
-68 (base 16) to base 13
-80
What is 197 (base 16) in base 6?
1515
Convert -2584 (base 9) to base 2.
-11110010011
Convert -afd (base 16) to base 6.
-21005
What is -102103 (base 5) in base 2?
-110101001011
What is -24010 (base 7) in base 15?
-1c71
-18025 (base 11) to base 3
-1021201122
10957 (base 10) to base 6
122421
What is -e738 (base 15) in base 12?
-24352
Convert -1111000110 (base 2) to base 9.
-1283
What is 244d (base 14) in base 10?
6341
What is -4b0 (base 15) in base 9?
-1413
-3011 (base 7) to base 16
-40d
What is 12099 (base 14) in base 16?
ac07
Convert -122021 (base 3) to base 7.
-1234
Convert 205 (base 14) to base 6.
1501
Convert -221 (base 16) to base 3.
-202012
-3078 (base 9) to base 10
-2258
Convert 1210312 (base 4) to base 5.
201304
2c14 (base 15) to base 16
24fd
Convert 300313 (base 4) to base 14.
11d5
-1907 (base 10) to base 14
-9a3
-18198 (base 14) to base 7
-341651
Convert -15219 (base 14) to base 5.
-3140201
-33333 (base 5) to base 14
-bd5
3546 (base 8) to base 15
864
What is -437 (base 16) in base 12?
-75b
-392 (base 10) to base 12
-288
Convert 16641 (base 8) to base 15.
23aa
Convert 4113410 (base 5) to base 6.
1232534
-2530 (base 7) to base 16
-3b8
What is -5533 (base 16) in base 3?
-1002220211
-1e10 (base 15) to base 3
-22222020
Convert a20 (base 15) to base 8.
4350
Convert -53 (base 11) to base 16.
-3a
Convert -31103220 (base 4) to base 11.
-37a4a
What is -1424 (base 5) in base 12?
-17b
What is 1220022002 (base 3) in base 16?
9215
What is -8b6 (base 12) in base 5?
-20130
What is -9449 (base 10) in base 6?
-111425
What is 303 (base 10) in base 15?
153
What is 110011000000010 (base 2) in base 12?
13142
Convert 1221120 (base 3) to base 9.
1846
Convert 102002002 (base 3) to base 5.
224300
Convert -1354305 (base 6) to base 7.
-441530
-3302 (base 6) to base 11
-62a
What is 28 (base 12) in base 10?
32
1563 (base 14) to base 6
25351
Convert -5345 (base 6) to base 15.
-562
2352 (base 8) to base 7
3445
130021 (base 5) to base 15
1741
Convert -3570 (base 10) to base 2.
-110111110010
Convert 101211102 (base 3) to base 7.
32006
What is -3c8 (base 13) in base 3?
-220212
Convert 23131211 (base 4) to base 5.
3000244
What is 1a0 (base 14) in base 13?
1cb
Convert 4324 (base 5) to base 9.
724
5004 (base 12) to base 6
104004
What is 11000010101 (base 2) in base 13?
92a
What is 1b64 (base 12) in base 2?
110100111100
What is 104754 (base 8) in base 7?
204640
Convert -320101 (base 4) to base 9.
-4841
What is -5426 (base 11) in base 14?
-287d
-3264 (base 11) to base 2
-1000011010001
200200222 (base 3) to base 10
13634
Convert -14c3 (base 14) to base 2.
-111001110011
Convert 12b (base 12) to base 9.
218
Convert 114a1 (base 11) to base 13.
7705
Convert 13a (base 15) to base 11.
235
What is -3a49 (base 11) in base 3?
-21012200
What is 236 (base 11) in base 9?
342
-5715 (base 12) to base 7
-40115
What is -16314 (base 9) in base 14?
-4115
Convert 1111110010011 (base 2) to base 5.
224313
Convert -3194 (base 14) to base 16.
-216e
-2927 (base 16) to base 15
-31c5
What is -20220303 (base 4) in base 11?
-24643
Convert 486d (base 14) to base 5.
401031
Convert 3b34 (base 12) to base 2.
1101010011000
240664 (base 7) to base 8
125046
4412 (base 5) to base 14
315
346 (base 8) to base 14
126
Convert -57a4 (base 16) to base 3.
-1010202222
Convert 3310 (base 5) to base 12.
31b
Convert -42444 (base 5) to base 8.
-5472
What is 100111001 (base 2) in base 8?
471
What is 103312 (base 4) in base 12?
89a
Convert -6425 (base 7) to base 6.
-14305
What is -184 (base 9) in base 6?
-421
-38783 (base 10) to base 7
-221033
What is -1460 (base 7) in base 11?
-489
Convert 62d (base 16) to base 13.
948
Convert 4310 (base 5) to base 7.
1456
Convert -11313312 (base 4) to base 10.
-24054
What is 1210 (base 10) in base 16?
4ba
Convert -120331 (base 5) to base 8.
-10562
What is -247 (base 15) in base 2?
-1000000101
Convert -503 (base 6) to base 10.
-183
221001 (base 3) to base 5
10201
What is -201030 (base 4) in base 3?
-2220200
What is 702b (base 14) in base 8?
45457
What is -3291 (base 13) in base 14?
-27d5
What is -137e (base 16) in base 7?
-20356
Convert -4221 (base 7) to base 11.
-1130
What is 18565 (base 10) in base 16?
4885
What is -8875 (base 9) in base 14?
-255a
-3266 (base 9) to base 16
-969
Convert -14103 (base 5) to base 15.
-51d
11110111 (base 3) to base 10
3253
What is -132043 (base 6) in base 14?
-45bd
What is 341 (base 6) in base 15?
8d
Convert -2686 (base 11) to base 13.
-177b
4a72 (base 11) to base 7
25165
-746 (base 8) to base 13
-2b5
-1112210 (base 3) to base 15
-503
What is 81 (base 15) in base 16?
79
Convert 1031223 (base 4) to base 13.
2355
What is 1347 (base 14) in base 13?
1712
What is -3536 (base 10) in base 16?
-dd0
-cde8 (base 16) to base 11
-36670
What is 46514 (base 8) in base 4?
10311030
Convert -44304 (base 5) to base 9.
-4201
What is 215 (base 13) in base 6?
1352
-1152 (base 6) to base 13
-18b
What is 20011112 (base 3) in base 8?
10620
-15244 (base 10) to base 3
-202220121
What is 170 (base 8) in base 16?
78
35730 (base 9) to base 10
23922
-100253 (base 6) to base 15
-2506
Convert -dd7 (base 14) to base 2.
-101010110001
Convert 2109 (base 11) to base 2.
101011101000
334 (base 9) to base 14
158
Convert -440 (base 10) to base 6.
-2012
120210 (base 3) to base 8
652
Convert f4 (base 16) to base 3.
100001
What is 154 (base 10) in base 7?
310
3897 (base 14) to base 10
9933
What is -15434 (base 6) in base 8?
-4756
Convert -6bc (base 15) to base 8.
-2767
What is -136 (base 9) in base 11?
-a4
Convert -2121 (base 3) to base 12.
-5a
Convert -112343 (base 5) to base 12.
-2456
-2341 (base 5) to base 7
-1003
What is -351 (base 16) in base 4?
-31101
Convert 1022010 (base 3) to base 13.
57c
-9a58 (base 14) to base 15
-7dc4
Convert -8448 (base 13) to base 9.
-27106
Convert -c8 (base 16) to base 10.
-200
212210 (base 5) to base 2
1110000001100
What is -295 (base 13) in base 2?
-111001100
What is -502 (base 16) in base 3?
-1202111
What is -1113 (base 6) in base 7?
-522
What is -5e (base 15) in base 13?
-6b
-332141 (base 5) to base 3
-120211122
Convert 1000010010101 (base 2) to base 16.
1095
Convert -669 (base 11) to base 16.
-321
What is -83730 (base 9) in base 7?
-320064
5d3 (base 14) to base 2
10010001101
What is 4c71 (base 16) in base 15?
5be9
What is a5c (base 15) in base 16?
921
11222000 (base 3) to base 4
320202
Convert 18b (base 14) to base 4.
10333
a3d (base 15) to base 16
904
What is 63074 (base 8) in base 13?
bbb3
Convert -1383 (base 9) to base 8.
-2027
What is -100110100111 (base 2) in base 7?
-10130
What is 10534 (base 6) in base 7?
4240
Convert 50b8 (base 14) to base 11.
a480
Convert d99 (base 15) to base 10.
3069
119 (base 12) to base 6
433
Convert -120 (base 15) to base 14.
-143
What is 25212 (base 6) in base 10?
3752
Convert -82 (base 15) to base 10.
-122
Convert -104036 (base 7) to base 13.
-8396
Convert -10a (base 13) to base 9.
-218
What is 1133 (base 5) in base 15?
b3
What is 35 (base 16) in base 14?
3b
What is 204410 (base 5) in base 4?
1223013
-40020 (base 5) to base 15
-b25
-10 (base 11) to base 7
-14
21a36 (base 11) to base 12
16532
Convert -10100110000011 (base 2) to base 3.
-112120121
4891 (base 15) to base 6
155244
What is -60ef (base 16) in base 3?
-1021001002
21263 (base 8) to base 16
22b3
What is -13234 (base 7) in base 12?
-2081
-185b (base 13) to base 5
-104000
Convert 6822 (base 13) to base 3.
201222100
Convert 962 (base 12) to base 3.
1212202
1044113 (base 5) to base 15
57dd
3112 (base 6) to base 14
376
Convert -d08d (base 14) to base 3.
-1211002211
-4013 (base 16) to base 5
-1011103
Convert -822 (base 13) to base 9.
-1803
What is -9824 (base 12) in base 4?
-10011130
Convert -212200220 (base 3) to base 5.
-1023102
-2213 (base 6) to base 5
-4023
-511 (base 14) to base 4
-33203
What is 10000102 (base 3) in base 9?
3012